{"id":32,"date":"2022-05-19T19:35:26","date_gmt":"2022-05-19T19:35:26","guid":{"rendered":"https:\/\/virtuel.rs\/?page_id=32"},"modified":"2022-11-14T14:27:11","modified_gmt":"2022-11-14T13:27:11","slug":"merenje-i-ispitivanje-elektricnih-instalacija","status":"publish","type":"page","link":"https:\/\/virtuel.rs\/?page_id=32","title":{"rendered":"Merenje, ispitivanje i atesti"},"content":{"rendered":"\n<p>Vr\u0161imo pregled, merenje, ispitivanje elektri\u010dnih instalacija i izdavanje Stru\u010dnog nalaza (atesta).<\/p>\n\n\n\n<p>Stru\u010dni nalaz (Atest) se koristi kod:<\/p>\n\n\n\n<ul>\n<li>priklju\u010denja objekta na elektroenergetsku mre\u017eu kao dokaz o ispravnosti instalacija i uzemljanja<\/li>\n\n\n\n<li> tehni\u010dkog prijema objekata<\/li>\n\n\n\n<li>tehni\u010dkog prijema solarnih elektrana<\/li>\n<\/ul>\n\n\n\n<figure class=\"is-layout-flex wp-block-gallery-1 wp-block-gallery has-nested-images columns-default is-cropped\">\n<figure class=\"wp-block-image size-large\"><img decoding=\"async\" loading=\"lazy\" width=\"1000\" height=\"825\" data-id=\"198\"  src=\"https:\/\/virtuel.rs\/wp-content\/uploads\/2022\/11\/benning_it_115_lieferumfang.jpg\" alt=\"\" class=\"wp-image-198\" srcset=\"https:\/\/virtuel.rs\/wp-content\/uploads\/2022\/11\/benning_it_115_lieferumfang.jpg 1000w, https:\/\/virtuel.rs\/wp-content\/uploads\/2022\/11\/benning_it_115_lieferumfang-300x248.jpg 300w, https:\/\/virtuel.rs\/wp-content\/uploads\/2022\/11\/benning_it_115_lieferumfang-768x634.jpg 768w\" sizes=\"(max-width: 1000px) 100vw, 1000px\" \/><\/figure>\n\n\n\n<figure class=\"wp-block-image size-large\"><img decoding=\"async\" loading=\"lazy\" width=\"400\" height=\"300\" data-id=\"200\"  src=\"https:\/\/virtuel.rs\/wp-content\/uploads\/2022\/11\/2b.-MI-3109-PV-SET.png\" alt=\"\" class=\"wp-image-200\" srcset=\"https:\/\/virtuel.rs\/wp-content\/uploads\/2022\/11\/2b.-MI-3109-PV-SET.png 400w, https:\/\/virtuel.rs\/wp-content\/uploads\/2022\/11\/2b.-MI-3109-PV-SET-300x225.png 300w\" sizes=\"(max-width: 400px) 100vw, 400px\" \/><\/figure>\n<\/figure>\n","protected":false},"excerpt":{"rendered":"<p>Vr\u0161imo pregled, merenje, ispitivanje elektri\u010dnih instalacija i izdavanje Stru\u010dnog nalaza (atesta). Stru\u010dni nalaz (Atest) se koristi kod:<\/p>\n","protected":false},"author":1,"featured_media":0,"parent":0,"menu_order":0,"comment_status":"closed","ping_status":"closed","template":"","meta":[],"_links":{"self":[{"href":"https:\/\/virtuel.rs\/index.php?rest_route=\/wp\/v2\/pages\/32"}],"collection":[{"href":"https:\/\/virtuel.rs\/index.php?rest_route=\/wp\/v2\/pages"}],"about":[{"href":"https:\/\/virtuel.rs\/index.php?rest_route=\/wp\/v2\/types\/page"}],"author":[{"embeddable":true,"href":"https:\/\/virtuel.rs\/index.php?rest_route=\/wp\/v2\/users\/1"}],"replies":[{"embeddable":true,"href":"https:\/\/virtuel.rs\/index.php?rest_route=%2Fwp%2Fv2%2Fcomments&post=32"}],"version-history":[{"count":4,"href":"https:\/\/virtuel.rs\/index.php?rest_route=\/wp\/v2\/pages\/32\/revisions"}],"predecessor-version":[{"id":201,"href":"https:\/\/virtuel.rs\/index.php?rest_route=\/wp\/v2\/pages\/32\/revisions\/201"}],"wp:attachment":[{"href":"https:\/\/virtuel.rs\/index.php?rest_route=%2Fwp%2Fv2%2Fmedia&parent=32"}],"curies":[{"name":"wp","href":"https:\/\/api.w.org\/{rel}","templated":true}]}}