{"id":5,"date":"2022-05-18T19:26:54","date_gmt":"2022-05-18T18:26:54","guid":{"rendered":"https:\/\/virtuel.rs\/?page_id=5"},"modified":"2022-11-10T16:24:54","modified_gmt":"2022-11-10T15:24:54","slug":"solarne-elektrane","status":"publish","type":"page","link":"https:\/\/virtuel.rs\/","title":{"rendered":"Solarna elektrana"},"content":{"rendered":"\n<p>Izvodimo solarne &#8220;on greed&#8221; elektrane (elektrana stalno priklju\u010dena na mre\u017eu)  koje se sastoje od fotonaponskih panela, pretvara\u010da (invertera), kablovskih instalacija i razvodnih tabli (AC+DC).<\/p>\n\n\n\n<p>Solarne &#8220;off grid&#8221; elektrane (elektrana bez priklju\u010dka na mre\u017eu) se sastoje od fotonaponskih panela, pretvara\u010da (invertera), kablovskih instalacija i razvodnih tabli (AC+DC) i akumulatorskih baterija. <\/p>\n\n\n\n<p>Solarne elektrane koje se grade za fizi\u010dka lica obi\u010dno imaju instalisanu snagu 6kW\/h ili 10kW\/h dok za pravna lica (firme) snaga elektrane mo\u017ee da ide do snage koju firma ima ugovorenu sa nadle\u017enom elektrodistribucijom.<\/p>\n\n\n\n<p>Novi zakonski propisi omogu\u0107avaju kupcu da na ovaj na\u010din proizvodi elektri\u010dnu energiju, koristi koliko mu je trenutno potrebno, vi\u0161ak predaje lokalnoj elektrodistribuciji a to \u0161to je predao ponovo koristi u toku godine.<\/p>\n\n\n\n<p>Da bi fizi\u010dko lice steklo status &#8220;kupac-proizvo\u0111a\u010d&#8221; potrebno je u\u010diniti 4 koraka:<\/p>\n\n\n\n<ul>\n<li>montira solarnu elektranu<\/li>\n\n\n\n<li>zameniti postoje\u0107e brojilo sa dvosmernom mernom grupom<\/li>\n\n\n\n<li>sklopi ugovor &#8220;kupac-proizvo\u0111a\u010d&#8221; <\/li>\n\n\n\n<li>upi\u0161e se u registar proizvo\u0111a\u010da elektri\u010dne energije<\/li>\n<\/ul>\n\n\n\n<p>Izvedene mini solarne elektrane 2022:<\/p>\n\n\n\n<ul>\n<li>Jakovo (Beograd) &#8211; solarna elektrana 10kW (paneli Canadian solar, pretvara\u010d Fronius) &#8211; fizi\u010dko lice<\/li>\n\n\n\n<li>Kalu\u0111erica (Beograd) &#8211; solarna elektrana 10kW (paneli Canadian solar, pretvara\u010d Fronius) &#8211; fizi\u010dko lice<\/li>\n\n\n\n<li>Jakovo2 (Beograd) &#8211; solarna elektrana 10kW (paneli Canadian solar, pretvara\u010d Fronius) &#8211; fizi\u010dko lice<\/li>\n\n\n\n<li>Jakovo3 (Beograd) &#8211; solarna elektrana 20kW (paneli Exe solar, pretvara\u010d Fronius) &#8211; pravno lice<\/li>\n\n\n\n<li>Sur\u010din (Beograd) &#8211; solarna elektrana 10kW (paneli Canadian solar, pretvara\u010d Fronius) &#8211; fizi\u010dko lice<\/li>\n\n\n\n<li>Altina (Beograd) &#8211; solarna elektrana 10kW (paneli Exe solar, pretvara\u010d Fronius) &#8211; fizi\u010dko lice<\/li>\n<\/ul>\n\n\n\n<figure class=\"is-layout-flex wp-block-gallery-1 wp-block-gallery has-nested-images columns-default is-cropped\">\n<figure class=\"wp-block-image size-medium\"><img decoding=\"async\" loading=\"lazy\" width=\"300\" height=\"135\" data-id=\"107\"  src=\"https:\/\/virtuel.rs\/wp-content\/uploads\/2022\/11\/20211117_140644-300x135.jpg\" alt=\"\" class=\"wp-image-107\" srcset=\"https:\/\/virtuel.rs\/wp-content\/uploads\/2022\/11\/20211117_140644-300x135.jpg 300w, https:\/\/virtuel.rs\/wp-content\/uploads\/2022\/11\/20211117_140644.jpg 413w\" sizes=\"(max-width: 300px) 100vw, 300px\" \/><\/figure>\n\n\n\n<figure class=\"wp-block-image size-large\"><img decoding=\"async\" loading=\"lazy\" width=\"413\" height=\"186\" data-id=\"106\"  src=\"https:\/\/virtuel.rs\/wp-content\/uploads\/2022\/11\/20211120_081636.jpg\" alt=\"\" class=\"wp-image-106\" srcset=\"https:\/\/virtuel.rs\/wp-content\/uploads\/2022\/11\/20211120_081636.jpg 413w, https:\/\/virtuel.rs\/wp-content\/uploads\/2022\/11\/20211120_081636-300x135.jpg 300w\" sizes=\"(max-width: 413px) 100vw, 413px\" \/><\/figure>\n\n\n\n<figure class=\"wp-block-image size-large\"><img decoding=\"async\" loading=\"lazy\" width=\"413\" height=\"186\" data-id=\"105\"  src=\"https:\/\/virtuel.rs\/wp-content\/uploads\/2022\/11\/20211117_161124.jpg\" alt=\"\" class=\"wp-image-105\" srcset=\"https:\/\/virtuel.rs\/wp-content\/uploads\/2022\/11\/20211117_161124.jpg 413w, https:\/\/virtuel.rs\/wp-content\/uploads\/2022\/11\/20211117_161124-300x135.jpg 300w\" sizes=\"(max-width: 413px) 100vw, 413px\" \/><\/figure>\n<figcaption class=\"blocks-gallery-caption wp-element-caption\">Solarna elektrana &#8211; Jakovo<\/figcaption><\/figure>\n\n\n\n<figure class=\"is-layout-flex wp-block-gallery-3 wp-block-gallery has-nested-images columns-default is-cropped\">\n<figure class=\"wp-block-image size-large\"><img decoding=\"async\" loading=\"lazy\" width=\"413\" height=\"193\" data-id=\"111\"  src=\"https:\/\/virtuel.rs\/wp-content\/uploads\/2022\/11\/20220615_095025.jpg\" alt=\"\" class=\"wp-image-111\" srcset=\"https:\/\/virtuel.rs\/wp-content\/uploads\/2022\/11\/20220615_095025.jpg 413w, https:\/\/virtuel.rs\/wp-content\/uploads\/2022\/11\/20220615_095025-300x140.jpg 300w\" sizes=\"(max-width: 413px) 100vw, 413px\" \/><\/figure>\n\n\n\n<figure class=\"wp-block-image size-large\"><img decoding=\"async\" loading=\"lazy\" width=\"413\" height=\"193\" data-id=\"110\"  src=\"https:\/\/virtuel.rs\/wp-content\/uploads\/2022\/11\/20220616_113451.jpg\" alt=\"\" class=\"wp-image-110\" srcset=\"https:\/\/virtuel.rs\/wp-content\/uploads\/2022\/11\/20220616_113451.jpg 413w, https:\/\/virtuel.rs\/wp-content\/uploads\/2022\/11\/20220616_113451-300x140.jpg 300w\" sizes=\"(max-width: 413px) 100vw, 413px\" \/><\/figure>\n\n\n\n<figure class=\"wp-block-image size-large\"><img decoding=\"async\" loading=\"lazy\" width=\"413\" height=\"193\" data-id=\"109\"  src=\"https:\/\/virtuel.rs\/wp-content\/uploads\/2022\/11\/20220624_102634.jpg\" alt=\"\" class=\"wp-image-109\" srcset=\"https:\/\/virtuel.rs\/wp-content\/uploads\/2022\/11\/20220624_102634.jpg 413w, https:\/\/virtuel.rs\/wp-content\/uploads\/2022\/11\/20220624_102634-300x140.jpg 300w\" sizes=\"(max-width: 413px) 100vw, 413px\" \/><\/figure>\n<figcaption class=\"blocks-gallery-caption wp-element-caption\">Solarna elektrana &#8211; Jakovo2<\/figcaption><\/figure>\n\n\n\n<figure class=\"is-layout-flex wp-block-gallery-5 wp-block-gallery has-nested-images columns-default is-cropped\">\n<figure class=\"wp-block-image size-large\"><img decoding=\"async\" loading=\"lazy\" width=\"413\" height=\"186\" data-id=\"134\"  src=\"https:\/\/virtuel.rs\/wp-content\/uploads\/2022\/11\/20220212_083315.jpg\" alt=\"\" class=\"wp-image-134\" srcset=\"https:\/\/virtuel.rs\/wp-content\/uploads\/2022\/11\/20220212_083315.jpg 413w, https:\/\/virtuel.rs\/wp-content\/uploads\/2022\/11\/20220212_083315-300x135.jpg 300w\" sizes=\"(max-width: 413px) 100vw, 413px\" \/><\/figure>\n\n\n\n<figure class=\"wp-block-image size-large\"><img decoding=\"async\" loading=\"lazy\" width=\"413\" height=\"186\" data-id=\"132\"  src=\"https:\/\/virtuel.rs\/wp-content\/uploads\/2022\/11\/20220213_134832.jpg\" alt=\"\" class=\"wp-image-132\" srcset=\"https:\/\/virtuel.rs\/wp-content\/uploads\/2022\/11\/20220213_134832.jpg 413w, https:\/\/virtuel.rs\/wp-content\/uploads\/2022\/11\/20220213_134832-300x135.jpg 300w\" sizes=\"(max-width: 413px) 100vw, 413px\" \/><\/figure>\n\n\n\n<figure class=\"wp-block-image size-large\"><img decoding=\"async\" loading=\"lazy\" width=\"413\" height=\"186\" data-id=\"133\"  src=\"https:\/\/virtuel.rs\/wp-content\/uploads\/2022\/11\/20220213_120219.jpg\" alt=\"\" class=\"wp-image-133\" srcset=\"https:\/\/virtuel.rs\/wp-content\/uploads\/2022\/11\/20220213_120219.jpg 413w, https:\/\/virtuel.rs\/wp-content\/uploads\/2022\/11\/20220213_120219-300x135.jpg 300w\" sizes=\"(max-width: 413px) 100vw, 413px\" \/><\/figure>\n<figcaption class=\"blocks-gallery-caption wp-element-caption\">Solarna elektrana &#8211; Kalu\u0111erica<\/figcaption><\/figure>\n\n\n\n<figure class=\"is-layout-flex wp-block-gallery-7 wp-block-gallery has-nested-images columns-default is-cropped\">\n<figure class=\"wp-block-image size-large\"><img decoding=\"async\" loading=\"lazy\" width=\"413\" height=\"193\" data-id=\"130\"  src=\"https:\/\/virtuel.rs\/wp-content\/uploads\/2022\/11\/20220817_123209-1.jpg\" alt=\"\" class=\"wp-image-130\" srcset=\"https:\/\/virtuel.rs\/wp-content\/uploads\/2022\/11\/20220817_123209-1.jpg 413w, https:\/\/virtuel.rs\/wp-content\/uploads\/2022\/11\/20220817_123209-1-300x140.jpg 300w\" sizes=\"(max-width: 413px) 100vw, 413px\" \/><\/figure>\n\n\n\n<figure class=\"wp-block-image size-large\"><img decoding=\"async\" loading=\"lazy\" width=\"413\" height=\"186\" data-id=\"131\"  src=\"https:\/\/virtuel.rs\/wp-content\/uploads\/2022\/11\/20220217_101530.jpg\" alt=\"\" class=\"wp-image-131\" srcset=\"https:\/\/virtuel.rs\/wp-content\/uploads\/2022\/11\/20220217_101530.jpg 413w, https:\/\/virtuel.rs\/wp-content\/uploads\/2022\/11\/20220217_101530-300x135.jpg 300w\" sizes=\"(max-width: 413px) 100vw, 413px\" \/><\/figure>\n\n\n\n<figure class=\"wp-block-image size-large\"><img decoding=\"async\" loading=\"lazy\" width=\"413\" height=\"193\" data-id=\"128\"  src=\"https:\/\/virtuel.rs\/wp-content\/uploads\/2022\/11\/20220820_140637.jpg\" alt=\"\" class=\"wp-image-128\" srcset=\"https:\/\/virtuel.rs\/wp-content\/uploads\/2022\/11\/20220820_140637.jpg 413w, https:\/\/virtuel.rs\/wp-content\/uploads\/2022\/11\/20220820_140637-300x140.jpg 300w\" sizes=\"(max-width: 413px) 100vw, 413px\" \/><\/figure>\n\n\n\n<figure class=\"wp-block-image size-large\"><img decoding=\"async\" loading=\"lazy\" width=\"413\" height=\"193\" data-id=\"129\"  src=\"https:\/\/virtuel.rs\/wp-content\/uploads\/2022\/11\/20220819_095741.jpg\" alt=\"\" class=\"wp-image-129\" srcset=\"https:\/\/virtuel.rs\/wp-content\/uploads\/2022\/11\/20220819_095741.jpg 413w, https:\/\/virtuel.rs\/wp-content\/uploads\/2022\/11\/20220819_095741-300x140.jpg 300w\" sizes=\"(max-width: 413px) 100vw, 413px\" \/><\/figure>\n\n\n\n<figure class=\"wp-block-image size-large\"><img decoding=\"async\" loading=\"lazy\" width=\"413\" height=\"193\" data-id=\"126\"  src=\"https:\/\/virtuel.rs\/wp-content\/uploads\/2022\/11\/20220826_181046.jpg\" alt=\"\" class=\"wp-image-126\" srcset=\"https:\/\/virtuel.rs\/wp-content\/uploads\/2022\/11\/20220826_181046.jpg 413w, https:\/\/virtuel.rs\/wp-content\/uploads\/2022\/11\/20220826_181046-300x140.jpg 300w\" sizes=\"(max-width: 413px) 100vw, 413px\" \/><\/figure>\n\n\n\n<figure class=\"wp-block-image size-large\"><img decoding=\"async\" loading=\"lazy\" width=\"413\" height=\"193\" data-id=\"125\"  src=\"https:\/\/virtuel.rs\/wp-content\/uploads\/2022\/11\/20220826_133943.jpg\" alt=\"\" class=\"wp-image-125\" srcset=\"https:\/\/virtuel.rs\/wp-content\/uploads\/2022\/11\/20220826_133943.jpg 413w, https:\/\/virtuel.rs\/wp-content\/uploads\/2022\/11\/20220826_133943-300x140.jpg 300w\" sizes=\"(max-width: 413px) 100vw, 413px\" \/><\/figure>\n<figcaption class=\"blocks-gallery-caption wp-element-caption\">Solarna elektrana &#8211; Jakovo3<\/figcaption><\/figure>\n\n\n\n<figure class=\"is-layout-flex wp-block-gallery-9 wp-block-gallery has-nested-images columns-default is-cropped\">\n<figure class=\"wp-block-image size-large\"><img decoding=\"async\" loading=\"lazy\" width=\"413\" height=\"193\" data-id=\"123\"  src=\"https:\/\/virtuel.rs\/wp-content\/uploads\/2022\/11\/20221017_161239.jpg\" alt=\"\" class=\"wp-image-123\" srcset=\"https:\/\/virtuel.rs\/wp-content\/uploads\/2022\/11\/20221017_161239.jpg 413w, https:\/\/virtuel.rs\/wp-content\/uploads\/2022\/11\/20221017_161239-300x140.jpg 300w\" sizes=\"(max-width: 413px) 100vw, 413px\" \/><\/figure>\n\n\n\n<figure class=\"wp-block-image size-large\"><img decoding=\"async\" loading=\"lazy\" width=\"413\" height=\"193\" data-id=\"120\"  src=\"https:\/\/virtuel.rs\/wp-content\/uploads\/2022\/11\/20221021_123912.jpg\" alt=\"\" class=\"wp-image-120\" srcset=\"https:\/\/virtuel.rs\/wp-content\/uploads\/2022\/11\/20221021_123912.jpg 413w, https:\/\/virtuel.rs\/wp-content\/uploads\/2022\/11\/20221021_123912-300x140.jpg 300w\" sizes=\"(max-width: 413px) 100vw, 413px\" \/><\/figure>\n\n\n\n<figure class=\"wp-block-image size-large\"><img decoding=\"async\" loading=\"lazy\" width=\"413\" height=\"193\" data-id=\"121\"  src=\"https:\/\/virtuel.rs\/wp-content\/uploads\/2022\/11\/20221021_123949.jpg\" alt=\"\" class=\"wp-image-121\" srcset=\"https:\/\/virtuel.rs\/wp-content\/uploads\/2022\/11\/20221021_123949.jpg 413w, https:\/\/virtuel.rs\/wp-content\/uploads\/2022\/11\/20221021_123949-300x140.jpg 300w\" sizes=\"(max-width: 413px) 100vw, 413px\" \/><\/figure>\n<figcaption class=\"blocks-gallery-caption wp-element-caption\">Solarna elektrana &#8211; Altina<\/figcaption><\/figure>\n\n\n\n<figure class=\"is-layout-flex wp-block-gallery-11 wp-block-gallery has-nested-images columns-default is-cropped\">\n<figure class=\"wp-block-image size-large\"><img decoding=\"async\" loading=\"lazy\" width=\"413\" height=\"193\" data-id=\"119\"  src=\"https:\/\/virtuel.rs\/wp-content\/uploads\/2022\/11\/20221005_140951.jpg\" alt=\"\" class=\"wp-image-119\" srcset=\"https:\/\/virtuel.rs\/wp-content\/uploads\/2022\/11\/20221005_140951.jpg 413w, https:\/\/virtuel.rs\/wp-content\/uploads\/2022\/11\/20221005_140951-300x140.jpg 300w\" sizes=\"(max-width: 413px) 100vw, 413px\" \/><\/figure>\n\n\n\n<figure class=\"wp-block-image size-large\"><img decoding=\"async\" loading=\"lazy\" width=\"413\" height=\"193\" data-id=\"118\"  src=\"https:\/\/virtuel.rs\/wp-content\/uploads\/2022\/11\/20221005_141106.jpg\" alt=\"\" class=\"wp-image-118\" srcset=\"https:\/\/virtuel.rs\/wp-content\/uploads\/2022\/11\/20221005_141106.jpg 413w, https:\/\/virtuel.rs\/wp-content\/uploads\/2022\/11\/20221005_141106-300x140.jpg 300w\" sizes=\"(max-width: 413px) 100vw, 413px\" \/><\/figure>\n\n\n\n<figure class=\"wp-block-image size-large\"><img decoding=\"async\" loading=\"lazy\" width=\"413\" height=\"193\" data-id=\"116\"  src=\"https:\/\/virtuel.rs\/wp-content\/uploads\/2022\/11\/20221005_162912.jpg\" alt=\"\" class=\"wp-image-116\" srcset=\"https:\/\/virtuel.rs\/wp-content\/uploads\/2022\/11\/20221005_162912.jpg 413w, https:\/\/virtuel.rs\/wp-content\/uploads\/2022\/11\/20221005_162912-300x140.jpg 300w\" sizes=\"(max-width: 413px) 100vw, 413px\" \/><\/figure>\n<figcaption class=\"blocks-gallery-caption wp-element-caption\">Solarna elektrana &#8211; Sur\u010din<\/figcaption><\/figure>\n","protected":false},"excerpt":{"rendered":"<p>Izvodimo solarne &#8220;on greed&#8221; elektrane (elektrana stalno priklju\u010dena na mre\u017eu) koje se sastoje od fotonaponskih panela, pretvara\u010da (invertera), kablovskih instalacija i razvodnih tabli (AC+DC). Solarne &#8220;off grid&#8221; elektrane (elektrana bez priklju\u010dka na mre\u017eu) se sastoje od fotonaponskih panela, pretvara\u010da (invertera), kablovskih instalacija i razvodnih tabli (AC+DC) i akumulatorskih baterija. Solarne elektrane koje se grade za &hellip; <a href=\"https:\/\/virtuel.rs\/\" class=\"more-link\">\u041d\u0430\u0441\u0442\u0430\u0432\u0438 \u0441\u0430 \u0447\u0438\u0442\u0430\u045a\u0435\u043c <span class=\"screen-reader-text\">Solarna elektrana<\/span><\/a><\/p>\n","protected":false},"author":1,"featured_media":0,"parent":0,"menu_order":0,"comment_status":"closed","ping_status":"closed","template":"","meta":[],"_links":{"self":[{"href":"https:\/\/virtuel.rs\/index.php?rest_route=\/wp\/v2\/pages\/5"}],"collection":[{"href":"https:\/\/virtuel.rs\/index.php?rest_route=\/wp\/v2\/pages"}],"about":[{"href":"https:\/\/virtuel.rs\/index.php?rest_route=\/wp\/v2\/types\/page"}],"author":[{"embeddable":true,"href":"https:\/\/virtuel.rs\/index.php?rest_route=\/wp\/v2\/users\/1"}],"replies":[{"embeddable":true,"href":"https:\/\/virtuel.rs\/index.php?rest_route=%2Fwp%2Fv2%2Fcomments&post=5"}],"version-history":[{"count":18,"href":"https:\/\/virtuel.rs\/index.php?rest_route=\/wp\/v2\/pages\/5\/revisions"}],"predecessor-version":[{"id":227,"href":"https:\/\/virtuel.rs\/index.php?rest_route=\/wp\/v2\/pages\/5\/revisions\/227"}],"wp:attachment":[{"href":"https:\/\/virtuel.rs\/index.php?rest_route=%2Fwp%2Fv2%2Fmedia&parent=5"}],"curies":[{"name":"wp","href":"https:\/\/api.w.org\/{rel}","templated":true}]}}